rime factors of 3167.
3167
What are the prime factors of 18707?
13, 1439
What are the prime factors of 524?
2, 131
What are the prime factors of 1061?
1061
What are the prime factors of 3809?
13, 293
List the prime factors of 13452.
2, 3, 19, 59
What are the prime factors of 7892?
2, 1973
What are the prime factors of 49236?
2, 3, 11, 373
List the prime factors of 13748.
2, 7, 491
What are the prime factors of 273?
3, 7, 13
List the prime factors of 3408.
2, 3, 71
List the prime factors of 329.
7, 47
What are the prime factors of 17089?
23, 743
What are the prime factors of 8256?
2, 3, 43
What are the prime factors of 4743?
3, 17, 31
What are the prime factors of 6191?
41, 151
List the prime factors of 7661.
47, 163
List the prime factors of 14996.
2, 23, 163
What are the prime factors of 48147?
3, 11, 1459
What are the prime factors of 844?
2, 211
What are the prime factors of 919?
919
List the prime factors of 118015.
5, 23603
List the prime factors of 37410.
2, 3, 5, 29, 43
List the prime factors of 16109.
89, 181
What are the prime factors of 4026?
2, 3, 11, 61
List the prime factors of 72585.
3, 5, 1613
What are the prime factors of 11?
11
List the prime factors of 1790.
2, 5, 179
What are the prime factors of 8581?
8581
What are the prime factors of 55682?
2, 11, 2531
What are the prime factors of 5147?
5147
List the prime factors of 1544.
2, 193
List the prime factors of 12956.
2, 41, 79
List the prime factors of 989.
23, 43
What are the prime factors of 5997?
3, 1999
List the prime factors of 3473.
23, 151
What are the prime factors of 813?
3, 271
What are the prime factors of 2481?
3, 827
List the prime factors of 25117.
25117
List the prime factors of 95.
5, 19
List the prime factors of 412.
2, 103
List the prime factors of 12350.
2, 5, 13, 19
List the prime factors of 32197.
11, 2927
What are the prime factors of 15690?
2, 3, 5, 523
List the prime factors of 756.
2, 3, 7
List the prime factors of 34929.
3, 3881
List the prime factors of 14904.
2, 3, 23
What are the prime factors of 945?
3, 5, 7
List the prime factors of 16677.
3, 17, 109
What are the prime factors of 3321?
3, 41
List the prime factors of 13977.
3, 1553
What are the prime factors of 2026?
2, 1013
List the prime factors of 1186.
2, 593
What are the prime factors of 90938?
2, 41, 1109
What are the prime factors of 17042?
2, 8521
List the prime factors of 758.
2, 379
List the prime factors of 333.
3, 37
What are the prime factors of 54458?
2, 73, 373
What are the prime factors of 6647?
17, 23
List the prime factors of 25189.
25189
List the prime factors of 9243.
3, 13, 79
What are the prime factors of 7764?
2, 3, 647
List the prime factors of 27985.
5, 29, 193
What are the prime factors of 27346?
2, 11, 113
What are the prime factors of 77960?
2, 5, 1949
What are the prime factors of 2529?
3, 281
List the prime factors of 506.
2, 11, 23
What are the prime factors of 13002?
2, 3, 11, 197
What are the prime factors of 56167?
56167
What are the prime factors of 2401?
7
List the prime factors of 16034.
2, 8017
List the prime factors of 4164.
2, 3, 347
List the prime factors of 5331.
3, 1777
What are the prime factors of 86972?
2, 17, 1279
List the prime factors of 53541.
3, 661
List the prime factors of 8133.
3, 2711
List the prime factors of 357.
3, 7, 17
What are the prime factors of 5412?
2, 3, 11, 41
What are the prime factors of 22992?
2, 3, 479
List the prime factors of 1973.
1973
What are the prime factors of 799?
17, 47
What are the prime factors of 28060?
2, 5, 23, 61
What are the prime factors of 782?
2, 17, 23
What are the prime factors of 9011?
9011
What are the prime factors of 254?
2, 127
List the prime factors of 87661.
7, 1789
What are the prime factors of 19522?
2, 43, 227
What are the prime factors of 51450?
2, 3, 5, 7
What are the prime factors of 525?
3, 5, 7
What are the prime factors of 675?
3, 5
What are the prime factors of 4699?
37, 127
List the prime factors of 9322.
2, 59, 79
What are the prime factors of 10404?
2, 3, 17
What are the prime factors of 113304?
2, 3, 4721
What are the prime factors of 119120?
2, 5, 1489
What are the prime factors of 658?
2, 7, 47
List the prime factors of 59488.
2, 11, 13
List the prime factors of 2304.
2, 3
What are the prime factors of 4764?
2, 3, 397
List the prime factors of 126438.
2, 3, 13, 1621
List the prime factors of 1722.
2, 3, 7, 41
List the prime factors of 482.
2, 241
What are the prime factors of 2437?
2437
List the prime factors of 1175.
5, 47
List the prime factors of 56652.
2, 3, 4721
List the prime factors of 635.
5, 127
List the prime factors of 7390.
2, 5, 739
What are the prime factors of 8287?
8287
List the prime factors of 33669.
3, 29, 43
List the prime factors of 8719.
8719
List the prime factors of 75219.
3, 25073
What are the prime factors of 15194?
2, 71, 107
What are the prime factors of 44280?
2, 3, 5, 41
List the prime factors of 9630.
2, 3, 5, 107
List the prime factors of 57591.
3, 79
What are the prime factors of 1899?
3, 211
List the prime factors of 2327.
13, 179
List the prime factors of 21924.
2, 3, 7, 29
What are the prime factors of 1589?
7, 227
What are the prime factors of 1605?
3, 5, 107
List the prime factors of 14.
2, 7
What are the prime factors of 12396?
2, 3, 1033
List the prime factors of 11812.
2, 2953
What are the prime factors of 27918?
2, 3, 11, 47
List the prime factors of 12558.
2, 3, 7, 13, 23
What are the prime factors of 12128?
2, 379
List the prime factors of 346.
2, 173
List the prime factors of 62896.
2, 3931
List the prime factors of 9856.
2, 7, 11
What are the prime factors of 1834?
2, 7, 131
What are the prime factors of 29739?
3, 23, 431
What are the prime factors of 1811?
1811
What are the prime factors of 17026?
2, 8513
List the prime factors of 28317.
3, 9439
List the prime factors of 189613.
189613
List the prime factors of 1332.
2, 3, 37
List the prime factors of 13203.
3, 163
List the prime factors of 37008.
2, 3, 257
What are the prime factors of 1291?
1291
What are the prime factors of 370?
2, 5, 37
List the prime factors of 153092.
2, 38273
List the prime factors of 93722.
2, 46861
List the prime factors of 2608.
2, 163
What are the prime factors of 34372?
2, 13, 661
List the prime factors of 14599.
13, 1123
List the prime factors of 1948.
2, 487
What are the prime factors of 60?
2, 3, 5
List the prime factors of 16008.
2, 3, 23, 29
List the prime factors of 18506.
2, 19, 487
List the prime factors of 47727.
3, 5303
What are the prime factors of 6144?
2, 3
List the prime factors of 22227.
3, 31, 239
What are the prime factors of 20616?
2, 3, 859
List the prime factors of 4322.
2, 2161
List the prime factors of 66479.
7, 9497
List the prime factors of 2961.
3, 7, 47
List the prime factors of 16025.
5, 641
What are the prime factors of 6956?
2, 37, 47
What are the prime factors of 1422?
2, 3, 79
List the prime factors of 10875.
3, 5, 29
What are the prime factors of 1780?
2, 5, 89
List the prime factors of 38082.
2, 3, 11, 577
List the prime factors of 1062.
2, 3, 59
List the prime factors of 109532.
2, 139, 197
List the prime factors of 21652.
2, 5413
List the prime factors of 37355.
5, 31, 241
List the prime factors of 391.
17, 23
What are the prime factors of 3508?
2, 877
List the prime factors of 607.
607
What are the prime factors of 4538?
2, 2269
List the prime factors of 1674.
2, 3, 31
List the prime factors of 5743.
5743
List the prime factors of 224.
2, 7
List the prime factors of 325.
5, 13
What are the prime factors of 6149?
11, 13, 43
What are the prime factors of 854?
2, 7, 61
List the prime factors of 1368.
2, 3, 19
What are the prime factors of 2586?
2, 3, 431
List the prime factors of 4108.
2, 13, 79
List the prime factors of 23147.
79, 293
List the prime factors of 18787.
18787
List the prime factors of 5282.
2, 19, 139
List the prime factors of 1112.
2, 139
What are the prime factors of 750?
2, 3, 5
What are the prime factors of 8446?
2, 41, 103
List the prime factors of 3606.
2, 3, 601
List the prime factors of 8545.
5, 1709
What are the prime factors of 5963?
67, 89
List the prime factors of 21685.
5, 4337
List the prime factors of 27170.
2, 5, 11, 13, 19
What are the prime factors of 10367?
7, 1481
List the prime factor